 169.
163
Calculate the remainder when 7987 is divided by 3979.
29
What is the remainder when 120102 is divided by 3753?
6
Calculate the remainder when 567012 is divided by 51.
45
What is the remainder when 661240 is divided by 47?
44
Calculate the remainder when 566 is divided by 152.
110
What is the remainder when 7152 is divided by 14?
12
What is the remainder when 2410 is divided by 55?
45
What is the remainder when 167462 is divided by 281?
267
What is the remainder when 3173624 is divided by 585?
584
What is the remainder when 84542 is divided by 14085?
32
Calculate the remainder when 2449 is divided by 2314.
135
Calculate the remainder when 2542 is divided by 2386.
156
Calculate the remainder when 3683 is divided by 729.
38
Calculate the remainder when 2306771 is divided by 27.
26
What is the remainder when 21541 is divided by 1092?
793
Calculate the remainder when 11653 is divided by 1648.
117
What is the remainder when 76735 is divided by 1182?
1087
Calculate the remainder when 1943 is divided by 16.
7
Calculate the remainder when 130 is divided by 43.
1
What is the remainder when 105743 is divided by 12?
11
Calculate the remainder when 11539 is divided by 1237.
406
What is the remainder when 5124 is divided by 1551?
471
Calculate the remainder when 1872 is divided by 254.
94
Calculate the remainder when 152507 is divided by 378.
173
Calculate the remainder when 49121 is divided by 2456.
1
What is the remainder when 1442 is divided by 155?
47
What is the remainder when 543 is divided by 489?
54
What is the remainder when 16145 is divided by 132?
41
Calculate the remainder when 260466 is divided by 1118.
1090
Calculate the remainder when 2014 is divided by 50.
14
Calculate the remainder when 181701 is divided by 60565.
6
Calculate the remainder when 8741 is divided by 2171.
57
What is the remainder when 6451 is divided by 2145?
16
Calculate the remainder when 45071 is divided by 28.
19
Calculate the remainder when 6510 is divided by 629.
220
Calculate the remainder when 52786 is divided by 89.
9
What is the remainder when 9535 is divided by 4763?
9
Calculate the remainder when 12577 is divided by 331.
330
What is the remainder when 6438 is divided by 88?
14
Calculate the remainder when 3330 is divided by 71.
64
Calculate the remainder when 30049 is divided by 1641.
511
What is the remainder when 159135 is divided by 7577?
18
Calculate the remainder when 542755 is divided by 157.
6
Calculate the remainder when 7928 is divided by 437.
62
Calculate the remainder when 53444 is divided by 13319.
168
Calculate the remainder when 138912 is divided by 646.
22
What is the remainder when 91619 is divided by 2082?
11
Calculate the remainder when 79436 is divided by 568.
484
What is the remainder when 43347 is divided by 6?
3
What is the remainder when 3964 is divided by 31?
27
What is the remainder when 650 is divided by 200?
50
Calculate the remainder when 6409 is divided by 6392.
17
What is the remainder when 5060 is divided by 298?
292
What is the remainder when 6926 is divided by 1688?
174
What is the remainder when 21767 is divided by 76?
31
Calculate the remainder when 564413 is divided by 43.
38
What is the remainder when 300055 is divided by 506?
503
What is the remainder when 69233 is divided by 28?
17
Calculate the remainder when 5858 is divided by 1438.
106
Calculate the remainder when 649 is divided by 624.
25
Calculate the remainder when 34577 is divided by 789.
650
What is the remainder when 500319 is divided by 106?
105
Calculate the remainder when 6417 is divided by 66.
15
What is the remainder when 200373 is divided by 552?
549
Calculate the remainder when 9729 is divided by 540.
9
Calculate the remainder when 2499 is divided by 243.
69
Calculate the remainder when 1238 is divided by 1172.
66
Calculate the remainder when 354916 is divided by 211.
14
Calculate the remainder when 5947 is divided by 1975.
22
Calculate the remainder when 1800 is divided by 489.
333
What is the remainder when 19666 is divided by 75?
16
Calculate the remainder when 10021 is divided by 40.
21
Calculate the remainder when 425901 is divided by 467.
464
Calculate the remainder when 11064 is divided by 1572.
60
Calculate the remainder when 10829 is divided by 35.
14
What is the remainder when 3051 is divided by 35?
6
Calculate the remainder when 1714 is divided by 602.
510
Calculate the remainder when 1576017 is divided by 262668.
9
What is the remainder when 451212 is divided by 90240?
12
Calculate the remainder when 561202 is divided by 21.
19
What is the remainder when 429933 is divided by 11?
9
Calculate the remainder when 4909 is divided by 1210.
69
What is the remainder when 82282 is divided by 5482?
52
Calculate the remainder when 144 is divided by 31.
20
Calculate the remainder when 43898 is divided by 143.
140
What is the remainder when 304133 is divided by 64?
5
Calculate the remainder when 2129 is divided by 52.
49
Calculate the remainder when 50709 is divided by 687.
558
What is the remainder when 219253 is divided by 190?
183
Calculate the remainder when 19431 is divided by 240.
231
What is the remainder when 253560 is divided by 503?
48
What is the remainder when 69725 is divided by 91?
19
Calculate the remainder when 24077 is divided by 24055.
22
What is the remainder when 6855 is divided by 2283?
6
Calculate the remainder when 8267 is divided by 173.
136
Calculate the remainder when 617926 is divided by 8.
6
What is the remainder when 33051 is divided by 11003?
42
Calculate the remainder when 6494 is divided by 2121.
131
What is the remainder when 23556 is divided by 915?
681
What is the remainder when 6771 is divided by 42?
9
What is the remainder when 138555 is divided by 430?
95
Calculate the remainder when 1817 is divided by 1031.
786
Calculate the remainder when 1921567 is divided by 1131.
1129
Calculate the remainder when 11640 is divided by 26.
18
What is the remainder when 126581 is divided by 14061?
32
Calculate the remainder when 2669 is divided by 136.
85
Calculate the remainder when 142964 is divided by 317.
314
What is the remainder when 2661 is divided by 1574?
1087
What is the remainder when 13016 is divided by 53?
31
What is the remainder when 95149 is divided by 643?
628
Calculate the remainder when 266378 is divided by 15.
8
Calculate the remainder when 874039 is divided by 29.
8
Calculate the remainder when 807 is divided by 135.
132
Calculate the remainder when 15843 is divided by 34.
33
What is the remainder when 27048 is divided by 388?
276
Calculate the remainder when 154615 is divided by 19326.
7
What is the remainder when 16671 is divided by 192?
159
What is the remainder when 198376 is divided by 91?
87
What is the remainder when 49585 is divided by 12395?
5
Calculate the remainder when 1150733 is divided by 777.
773
Calculate the remainder when 70320 is divided by 35122.
76
What is the remainder when 1522 is divided by 758?
6
Calculate the remainder when 2633515 is divided by 157.
154
Calculate the remainder when 2446536 is divided by 47.
45
What is the remainder when 8792 is divided by 170?
122
Calculate the remainder when 222412 is divided by 35.
22
Calculate the remainder when 6291 is divided by 69.
12
Calculate the remainder when 13807 is divided by 281.
38
What is the remainder when 26327 is divided by 2922?
29
Calculate the remainder when 73560 is divided by 608.
600
What is the remainder when 27612 is divided by 118?
0
Calculate the remainder when 1088068 is divided by 45336.
4
Calculate the remainder when 111871 is divided by 368.
367
What is the remainder when 380914 is divided by 11903?
18
What is the remainder when 5858 is divided by 1951?
5
What is the remainder when 17147 is divided by 2?
1
Calculate the remainder when 92353 is divided by 2368.
1
Calculate the remainder when 5989 is divided by 58.
15
Calculate the remainder when 9535 is divided by 532.
491
Calculate the remainder when 14739 is divided by 366.
99
What is the remainder when 63145 is divided by 14?
5
Calculate the remainder when 1165 is divided by 387.
4
What is the remainder when 21968 is divided by 186?
20
What is the remainder when 8956 is divided by 2091?
592
Calculate the remainder when 27046 is divided by 250.
46
What is the re